r*(-20)/(-2)?
5
Suppose 0 = -3*m + 5*s - 31, 0 = -0*m + 4*m - 5*s + 33. Let c be 5/((-10)/(-16)) - m. What are the prime factors of c*1*(-3)/(-3)?
2, 5
Suppose -96 = -c - 3*c. What are the prime factors of 1/(-6) + 508/c?
3, 7
Suppose -5 = -u - 2. Suppose 2*q - 1 = 4*z + 23, -u*z = -q + 11. List the prime factors of q.
2, 7
Let j be 1*-1 + (3 - 2). Suppose 5*y + j*s = s + 209, 0 = y + s - 43. Suppose -3*m - 12 + y = 0. List the prime factors of m.
2, 5
Let m = 71 - 36. What are the prime factors of m?
5, 7
Let c(h) = h**2 - 6*h - 5. Let u(p) = p**2 - 7*p - 6. Let t(q) = 7*c(q) - 6*u(q). What are the prime factors of t(-4)?
17
Suppose -4*h = 3*p + 51, -6 - 15 = 2*h - 3*p. What are the prime factors of ((-1)/(-1) - h) + 2?
3, 5
Let a(r) = -2*r**2 - r + 1. Let f be a(2). Let j(t) = -8*t - 1. Let k be j(-3). Let d = f + k. List the prime factors of d.
2, 7
Let x = 6 - 14. Let w = x - -1. Let n = w + 12. What are the prime factors of n?
5
Suppose a - 10 - 53 = 0. List the prime factors of a.
3, 7
Let b be 11/(-3) + 4/6. List the prime factors of 3 + b - -16 - 0.
2
Let o(u) = -u + 1. Let v be o(-2). Let x be (-16)/(-3) + (-1)/v. Suppose 3*t = -5*b + 7, -3 + x = -2*t. What are the prime factors of b?
2
Let m(p) be the first derivative of p**3/3 + 4*p**2 - 2*p + 3. Let t be m(-6). What are the prime factors of (0 + t)*(-2)/4?
7
Let w be ((-10)/4)/((-3)/54). Suppose m - 1 = -o, -2*o - 3*o + 3*m = -w. What are the prime factors of 1/3 - (-106)/o?
2, 3
Let u(b) = -b - 6. Let w be u(-5). Let j be 119/14*(w + 5). Suppose -3*r = -3, 5*d - 2*r - j = d. List the prime factors of d.
3
Let o be (-164)/(-12) + (-2)/(-6). Suppose 0 = -3*z + 2*z + o. Suppose 0 = 2*g + 2*f - 20, 0 = -6*g + 3*g + 5*f + z. List the prime factors of g.
2
Suppose 4*q + 30 = -w, -5*w + 6 = -2*w. Let o = q + 11. Suppose -2*k - 5*f = 8, 5*f = o*f - 8. What are the prime factors of k?
2, 3
Suppose t = -0 - 2. Let n be -3*1*t/(-3). List the prime factors of (0 + -2)/(n/4).
2
Suppose 0 = -11*w + 4*w - 119. Let g(q) = q - 5. Let a be g(6). Let u = a - w. List the prime factors of u.
2, 3
Suppose -a = -2*u - 14, 0 = -4*a - 3*u - 2 + 14. Suppose 0 = -3*y - t + 4, -3*t + 0 = 4*y - 2. List the prime factors of (4 - y)*9/a.
3
Let z(v) = v. Let j(o) = -4*o - 9. Let d(u) = -j(u) - 2*z(u). List the prime factors of d(10).
29
Suppose -2*b = -5*p - 40, 4*b - 3*p - 8 = 72. List the prime factors of b.
2, 5
Let x(v) = -3*v**3 + v**2 - v. Let w be x(1). Let m = -1 - w. Suppose -m*a - 28 = -6*a. List the prime factors of a.
7
Let z = 53 - -28. List the prime factors of z.
3
Let v(i) = 2*i + 8. Let k(q) = -q - 4. Let l(h) = -5*k(h) - 2*v(h). List the prime factors of l(10).
2, 7
Suppose 3*j - 91 = -2*y + 294, -3*j = 5*y - 940. List the prime factors of y.
5, 37
Suppose 0*m + 56 = 3*f + 5*m, -2*m = -5*f + 52. List the prime factors of f.
2, 3
List the prime factors of 20/(-8)*2*-2.
2, 5
Let b(r) = 2*r**2 + 7*r - 5. Suppose 2*d - 6*d = 24. What are the prime factors of b(d)?
5
Let s(b) = -b**3 + 11*b**2 - 10*b + 1. Let m be s(10). Let z = 10 - m. Suppose 3*w - 6*w = -z. List the prime factors of w.
3
List the prime factors of ((-5)/(-10))/(2/764).
191
Suppose 4*y + 200 = 4*h + h, -5*h = 5*y - 200. List the prime factors of h.
2, 5
List the prime factors of ((-1)/3)/(1/(-33)).
11
Suppose -h + 59 = -0. List the prime factors of h.
59
Let g = -16 + 10. Let v(t) = t**3 + 6*t**2 - 2*t. Let n be v(g). List the prime factors of (-3)/3 - (2 - n).
3
Let l = -2 + 3. Let v = 4 - l. List the prime factors of v.
3
Let s(n) = 2 - 1 - n - 2. Let i be s(-5). Suppose 2*f - 12 = -4*q + i, 4 = f. List the prime factors of q.
2
Let v = 8 - 3. Suppose -v*t - 3*y + 29 = 0, -t + 5*y - 23 = -3*t. What are the prime factors of t?
2
Let y(r) = r**3 - 7*r**2 - 7*r - 1. Let f be y(8). Suppose 0 = p - 45 + f. List the prime factors of p.
2, 19
Suppose -17 - 51 = -n - 5*a, a = -2*n + 127. List the prime factors of n.
3, 7
Let a = -5 + 6. Let j = a - -11. What are the prime factors of (-16)/(-6)*45/j?
2, 5
Let n be (10/(-7))/(4/(-56)). Let o(h) = h - 2. Let p be o(6). What are the prime factors of (-8)/p + (n - 2)?
2
Let f(l) = -l + 5. Let t be f(-7). Suppose 23 + t = 5*j. Suppose j*h = 2*h + 60. List the prime factors of h.
2, 3
Let s = 1 - 2. Suppose 2*l + 23 - 19 = 0. List the prime factors of (-3)/s + (l - -11).
2, 3
Let o(d) = d**2 + 4*d - 2. Let l be o(-5). List the prime factors of l*(-1)/(-3) - -11.
2, 3
Let o(i) = 4*i**2 - 6*i + 4. List the prime factors of o(6).
2, 7
Let f be 4*(2/(-8) + 1). Suppose -c + 84 = f*c. What are the prime factors of c?
3, 7
Suppose 0 = f - 5*p - 175, 4*f - 684 = -0*f + 4*p. What are the prime factors of f?
2, 5, 17
Let h(k) = 1 + 29*k - 31*k + 0*k**3 - k**3. List the prime factors of h(-2).
13
Let y(a) = -2*a - 1. Let c be y(-2). Suppose -b - 1 = 2*q, 2*b + 1 = c. What are the prime factors of (-98)/(-8) - q/(-4)?
2, 3
Let s = 5 - 3. Suppose -3*g + 0*g = 3*o - 15, s*g = 3*o. What are the prime factors of -1*(-7 + o) + 2?
7
Let c = 9 + -2. Let g = c - -15. List the prime factors of g.
2, 11
Let p = -63 + 139. What are the prime factors of p?
2, 19
Let n be -24*3*2/(-4). Suppose 0 = -2*r + 2*a + n, -r = -2*r - 5*a - 6. List the prime factors of r.
2, 7
Suppose 3*w = 4*c - 87 - 13, 100 = 4*c - 4*w. Suppose -2*v = -7*v + 15, 0 = -5*b - 5*v - c. Let g = 18 + b. List the prime factors of g.
2, 5
Let m(h) be the second derivative of -2*h**3/3 - 11*h**2/2 + 2*h. Let t(s) = -11*s - 32. Let o(c) = -8*m(c) + 3*t(c). What are the prime factors of o(-10)?
2
Let k be ((-1)/3)/((-1)/12). Suppose -k*w = w - 4*f - 29, -4*f + 43 = 3*w. What are the prime factors of w?
3
Suppose 0 = 3*h + 5 + 10. Let s = -23 - h. List the prime factors of (-166)/s + 6/(-27).
3
Let d(m) = m**2 - m + 16. Let l be d(0). Suppose l = -0*q + 4*q. What are the prime factors of q?
2
Let o = 1 + -3. Let m(l) = l**3 + 4*l**2 - 3*l - 3. List the prime factors of m(o).
11
Let q(j) = 8*j. Let t be q(1). Suppose 3*f + 4*k = f - t, -f = 4*k + 10. List the prime factors of (6/(-15))/(f/(-40)).
2
Let h = -3 - 1. Let n be 1/h - 4/(-16). Suppose j + j - 18 = n. What are the prime factors of j?
3
Let x = -22 - -52. List the prime factors of x.
2, 3, 5
Suppose 2*s + 2*t - 92 = 0, -3*t + 7*t = 5*s - 275. What are the prime factors of s?
3, 17
Suppose 12*p = 14*p - 70. What are the prime factors of p?
5, 7
List the prime factors of ((-199)/3)/((-19)/57).
199
Let k(t) = t - 8. What are the prime factors of k(10)?
2
Let a be (-102)/27 + (-2)/9. Let r be a/3*(9 + -15). Suppose -r = -d + 5. What are the prime factors of d?
13
Suppose 5*y - 668 = 3*y. Suppose 2*k + 4*f = 70, 5*k + 3*f + 138 = y. Suppose 29 = 5*v - k. List the prime factors of v.
2, 7
Suppose -2*r + 12 = -r. What are the prime factors of r?
2, 3
Let j be 7 + (0 - (-12)/(-4)). Suppose -19 = -2*x - 4*b + 5, -2*x + j*b + 32 = 0. What are the prime factors of x?
2, 7
Suppose -5*p + 350 = 3*w, p - 5*w - 31 = 11. What are the prime factors of p?
67
Let z be ((-1)/2)/((-1)/4). Suppose -z*h + 0*h = 0. Let x = h - -10. List the prime factors of x.
2, 5
Let y(d) = -d**2 + 7*d + 10. What are the prime factors of y(7)?
2, 5
Let l(z) = -z**3 + 5*z**2 + 8*z - 8. Let f be l(6). Suppose -y = -11 + f. Let t(p) = 2*p - 5. What are the prime factors of t(y)?
3
Let h = -3 + -3. Let n = -3 - h. Suppose -4*y - j + 11 = 0, -2*y - n = y + 3*j. List the prime factors of y.
2
Let s(y) = -y**3 + 13*y**2 - 18*y + 10. What are the prime factors of s(9)?
2, 43
Let m(k) = 9*k - 1. Let j be -2 - 2 - (-4 - 1). List the prime factors of m(j).
2
Suppose -j - 19 = -y, 0*y + y - 7 = -2*j. List the prime factors of y.
3, 5
Let t = 7 - 2. Suppose t*f = 4*f + 16. List the prime factors of f.
2
Suppose 5*o + 12 = 67. List the prime factors of o.
11
Suppose m - 3*u = 13, 0*m - 2*m + u + 11 = 0. Suppose -3*d + m*d = 17. Suppose 7 = -5*t + d. What are the prime factors of t?
2
Suppose 3*a = 1 - 7. What are the prime factors of 10 - 8 - a/1?
2
Suppose 0 = -5*n - 20 - 0. Let y(f) = -5 - f - 3*f - 2*f. List the prime factors of y(n).
19
What are the prime factors of 51/(-2)*(-80)/30?
2, 17
Let s(d) = d**2 - 8*d + 3. Let h be s(8). Let r(i) = -i**3 + 4*i**2 + 2*i. What are the prime factors of r(h)?
3, 5
Let h(r) = 6*r**3 - 2*r**2 - r + 4. L